j(25) prime?
False
Let x(o) = -5*o**3 - 4*o**2 - o + 1. Suppose -110 = -3*h - 119. Is x(h) composite?
False
Let n = 41 - 19. Let l(f) = 2*f - 1. Let m be l(-1). Let s = n - m. Is s composite?
True
Suppose -5*a = c - 40 - 13, -c = -5*a - 73. Let t = c + 56. Is t a composite number?
True
Suppose -4*k - 123 = -15. Let r = 17 + k. Is ((-1772)/r)/(4/10) a composite number?
False
Suppose -15*s + 83118 = 27*s. Is s a composite number?
False
Suppose 3*o + w + 591 = -0*w, -5*w = 15. Is (o - -13)/(-2 + 1) prime?
False
Let l = 2164 - 1286. Suppose -3*g + 5*g = l. Is g a prime number?
True
Let d = -795 - 643. Is (d/(-8))/(19/152) prime?
False
Suppose 0*i + 508 = -3*c - i, 0 = c - 5*i + 164. Let h = 314 + c. Is h prime?
False
Suppose 5*t = 4*h - 13175, -5*t + 8262 = 3*h - 1628. Let q = h + 1020. Is q composite?
True
Suppose 5*n - 136095 = 4*y, -9*y = 5*n - 6*y - 136130. Is n a composite number?
True
Let o(h) = 8*h + 3. Let i(y) = y**2 - 6*y + 1. Let k(q) = -8*q - 1. Let a be k(-1). Let f be i(a). Is o(f) a prime number?
True
Let b(i) = -i**3 - 8*i**2 - 3*i + 1. Let y(a) = -a**3 + 15*a**2 - a + 7. Let c be y(15). Is b(c) a prime number?
False
Let z(i) = 2*i + 5 + 117*i**2 - 106*i**2 - 5*i. Is z(-6) composite?
False
Suppose -6279 = -5*h + 4*w, 5*h - h + 2*w - 5044 = 0. Is h prime?
True
Suppose -169*p + 171*p + 4*r = 94774, 189560 = 4*p - 4*r. Is p a composite number?
False
Let t(g) = -g**2 + 9*g + 9. Let f be t(7). Suppose -p + 1 = i + 8, -f = 3*p + 5*i. Is 2*(-2 + (-171)/p) a composite number?
False
Suppose -22*i = -2*i - 62780. Is i composite?
True
Let w = 36 + -34. Suppose -y + 443 = -0*y - 4*k, 0 = 5*y + w*k - 2127. Is y composite?
True
Suppose 15*b = 52486 + 74384. Let k = b + -5124. Is k a prime number?
False
Let s(p) = -15 + 7*p - 10*p - 2*p + p + 40*p**2. Is s(6) prime?
False
Suppose 105 = -10*o + 13*o. Let j(q) = o*q + 3 + 0 - 1 - 1. Is j(2) a composite number?
False
Suppose -14874 = -7*g + 13049. Is g prime?
True
Let h(r) be the second derivative of 33*r**3/2 - 37*r**2/2 - 20*r. Is h(6) a prime number?
True
Suppose -4654 + 2996 = -2*f. Is f a composite number?
False
Let f = 27 + -16. Suppose f*k - 3339 = 2*k. Is k prime?
False
Let v = 21891 - 2056. Is v a prime number?
False
Let d be (4 - -3)*1 + 3. Let u = -6 + d. Suppose -v + 2*r = -0*v - 133, 0 = u*v - 5*r - 523. Is v a prime number?
True
Let l = -17 + 37. Let g = 350 + -49. Let k = g + l. Is k a prime number?
False
Suppose -5*a + 1 = -9. Let f be a/5 + 26/10. Is (-2 + f)*28/4 prime?
True
Suppose 0 = 4*y - 76 - 364. Is y/5 + (1 - 0) a prime number?
True
Suppose 279 - 4696 = -7*g. Is g a composite number?
False
Is (-200221)/(-28) + 2/8 a prime number?
True
Let y = -9901 - -16970. Is y prime?
True
Is (-2935)/2*24/(-60) a composite number?
False
Let g = 32718 + -16916. Is g prime?
False
Let j(d) = d**3 + 0*d**3 + 22 - 7 - 19*d**2 + 2 + 20*d. Is j(18) a composite number?
False
Let s be -2*((-7)/2)/(-7). Let n be (-1)/s - 341/1. Let x = 825 + n. Is x a composite number?
True
Suppose 9*x - 1393679 = -28*x. Is x a prime number?
False
Suppose 0 = 7*v - 11345 - 1962. Is v a composite number?
False
Let s(g) = 66*g - 10. Let n be s(3). Let x(h) = 5 + n*h - 1 - 9. Is x(2) composite?
True
Let x = -2211 - -5042. Is x a prime number?
False
Let p(l) = -l + 1. Let u(s) = 26*s - 1. Let g(c) = 4*p(c) + u(c). Is g(3) a composite number?
True
Let m = -8445 + 15198. Is m composite?
True
Let w(b) = b**3 - 6*b**2. Let p be w(6). Suppose 5*k - 3*m - 271 = p, -163 = -k - 2*k + 2*m. Is k a composite number?
False
Suppose 0 = 5*q + 5*x - 300, -2*x = 6 - 0. Is ((-21)/q)/((-2)/978) composite?
False
Suppose -2*b + 1100 = w, -w + 1442 = -4*b + 372. Is (3 - w)*1*(1 - 2) a prime number?
True
Suppose l + 13 = 1. Let m(p) = -p**3 - 12*p**2 + p + 17. Let i be m(l). Suppose a + 1 = -3, -i*f = -5*a - 1135. Is f composite?
False
Let b(u) = u**3 + 4*u**2 + u - 1. Suppose -m + 0 = 2. Let s be b(m). Suppose s*x - 10*x = -1255. Is x prime?
True
Let l = 18579 - -5026. Is l a prime number?
False
Let q = 55 - 55. Suppose -3*f + 3608 + 1669 = q. Is f composite?
False
Let l be -1*(0 + (-4 - 0)). Let z = 10 - l. Suppose 2*w + 524 = z*w. Is w a composite number?
False
Let i(a) = 172*a**2 - 2*a. Let n be i(-2). Suppose 5*y - 4*j = 6751, 2*y - 2013 = -3*j + n. Is y a composite number?
True
Suppose 88*u - 94*u = -7014. Is u prime?
False
Let p(f) = -f**3 - 13*f**2 - f + 7. Let g be p(-13). Suppose 3 + g = -4*c + 5*m, -4*c - 30 = 2*m. Let j(x) = -2*x**3 - 9*x**2 + 5*x - 1. Is j(c) prime?
False
Suppose -14*w + 33900 = -9*w. Suppose -w - 20513 = -7*a. Is a prime?
False
Is (-2670)/(-14) + 88/308 a composite number?
False
Let k(g) = -29*g - 28. Suppose -2*r + 2*n - 18 = 8, 5*n - 11 = -r. Is k(r) composite?
False
Let p(b) = -2*b**2 - 25*b + 14. Let l be p(-13). Is l/4 - 97671/(-84) prime?
True
Suppose -k = -5*d + 11, -2*d + 1 = -d + k. Suppose 0 = 4*a - l + 756, 0 = d*a - 4*l + 514 - 122. Let t = a + 475. Is t composite?
True
Is (-53622)/(-22) - (1375/121 - 11) a composite number?
False
Suppose -q = q - 2*h - 340446, -q - 3*h + 170239 = 0. Is q a prime number?
True
Let m(b) = -5*b - 12. Let u be m(-6). Let f = 20 - u. Suppose f*o + 638 = 2*q - 2*o, -639 = -2*q + 5*o. Is q a prime number?
True
Let k be 2/((2 + 1)/3). Suppose -4*v = -4*o - 8, 2*o + 0*v - 16 = -k*v. Is 258/o + -1 - 3 composite?
True
Is -18 + 1704 - 3/(-1) prime?
False
Let w = 61898 - 43001. Is w prime?
False
Suppose -3*z + 78 = -t + 4*t, -3*t = -12. Is (z/6)/(12/5652) a prime number?
False
Is (27/(-54))/(2/(-93356)) a composite number?
False
Suppose -2*o - 4*r = 10, -r - 4 = 5*o - 24. Is o*((-3)/1 - -242) a composite number?
True
Suppose 5*w - 4*v = 51667, -2*w + 96*v + 20659 = 97*v. Is w prime?
True
Let o be 3 + 12/(0 - 3). Let l be -8*((-9)/(-6) + o). Is l/8 + 1005/6 a composite number?
False
Let z(c) = -c - 7. Let r be z(-10). Suppose -i + 3*n - 11 = 0, 3*i + r*n = 4*n + 7. Suppose -i*d = -4*g - 232, -5*g - 15 = 10. Is d a prime number?
True
Let u = -114 - -2320. Suppose -14*x - u = -16*x. Is x a composite number?
False
Suppose -2*f + 95 = 3*f. Suppose 159 = k + f. Suppose 0 = -10*x + 6*x + k. Is x prime?
False
Suppose -491 = -f - 120. Let d be 4/22 - (-20)/11. Suppose d*t - f = t. Is t prime?
False
Let u be (-3)/4*(-1 - -13). Let t(d) = -d**3 - 7*d**2 + 6*d - 19 + 0*d**3 + 6. Is t(u) a prime number?
False
Let r be (-2 - 19760/(-15)) + 8/(-6). Let s = r + -919. Is s composite?
True
Let d be (-12 - (-2 - 0))/(14/(-21)). Suppose -s - 1078 = -3*t, s + d = 4*s. Is t prime?
False
Let v = 47684 - 7621. Is v prime?
True
Let d(f) = -7*f - 1. Let k be d(1). Let t(g) be the first derivative of g**3 - 7*g + 8. Is t(k) a prime number?
False
Suppose -5*i = -2*b - 6*i + 7, 0 = b - 2*i - 11. Suppose b*v - 4*v - 4013 = 3*u, -15996 = -4*v - 2*u. Is v a prime number?
True
Suppose 0 = -3*m - 114 + 588. Let g = -52 + m. Is g a prime number?
False
Is (-8)/(-10) - ((-8720900)/125 - -7) a composite number?
False
Suppose 39915 = 3*m + 3*d, 13329 = m - 2*d - 3*d. Is m composite?
False
Let m(a) = -a - 3. Let h be m(0). Let n be -945 + -2 + 3/h. Is (n/18)/((-2)/3) prime?
True
Let k be 5/(2/4*2). Suppose 8 = -m - n, 2*m - k*m - 2*n - 22 = 0. Is (1 + 10)/((-3)/m) composite?
True
Is 9/(63/301756) - (-2 + -1) a composite number?
True
Let c = 60 - 33. Let x be (3 - 4) + (c - -2). Suppose 66 + x = 2*p. Is p a composite number?
False
Let u be 14/(-3)*36/24. Let w(p) = -4*p**2 - 12*p - 39. Let x(o) = -3*o**2 - 8*o - 26. Let d(h) = u*x(h) + 5*w(h). Is d(-8) composite?
False
Let i(m) = m - 17. Let b be i(5). Is (8/b*3)/((-6)/609) a prime number?
False
Suppose 2*f - 3 = -2*f - j, -4*f + 2*j = -18. Let o be (-1 - -163) + (f - 1). Is o/4*44/11 a prime number?
True
Let m(s) = -349*s**2 + 59*s + 4. Let c(h) = -70*h**2 + 12*h + 1. Let i(g) = -11*c(g) + 2*m(g). Is i(7) composite?
True
Is -3 + 2 + 10549/11 a composite number?
True
Let o = -146 + -1132. Let b = -2240 - o. Is (-18)/(-63) + b/(-14) a composite number?
True
Let h = 1168 - 86. Is h a prime number?
False
Let w = 8 - 3. Suppose 4*h - 2*x = -h - 1, w*h + 5*x = 20. Is h + 2 - (3 - 223) a composite number?
False
Is (-96)/(-12) + -8 - (0 - 10981) a composite number?
True
Let j = 4 - 0. Let o(p) = -8*p**2 + p + 1. Let w be o(-1). Is j/w*-6 - -50 a composite number?
False
S